 = 449*j**2 + 40*j - 193. What is the units digit of v(5)?
2
Let t be 5/3*(-15 - -12). Let v(w) = 4*w**2 + 10*w + 47. What is the tens digit of v(t)?
9
Let n(x) = -x**2 - 11*x + 48. Let q be n(-10). Suppose -q*j = -42*j - 480. What is the tens digit of j?
3
Let w be 2/12*2*(0 - 0). Suppose -a + 3*r - 9 = 0, 2 = 2*a + 4*r - w. What is the units digit of (249/(-9) - a)*9/(-6)?
7
Suppose -4*i + 6*i - 8 = 0. Suppose -138 = -i*g + 70. What is the units digit of g?
2
Let p = 14447 - 13572. What is the hundreds digit of p?
8
Let s be (3 - (-12)/6) + -5. Suppose -44*i + 49*i - 605 = s. What is the units digit of i?
1
Suppose 155*m = 156167 + 87493. What is the units digit of m?
2
Let t = -381 + 383. Suppose 4*r - 82 = -t*p, -r - 5*p + 13 + 3 = 0. What is the units digit of r?
1
Let q(x) be the second derivative of x**4/12 - x**3/2 + 8*x**2 + 5*x. Let n be q(7). Suppose 23 = 2*g + 2*p + 3*p, 2*p + n = 3*g. What is the units digit of g?
4
What is the thousands digit of 2 - ((-45534)/3 + 17)?
5
What is the ten thousands digit of (-19002)/9*(-32)/(1536/360)?
1
Suppose 12*a + 3373 = -3*g + 16*a, a = -2. Let t = g + 2427. What is the tens digit of t?
0
Let z(l) = 685*l**2 - 18*l + 72. What is the tens digit of z(5)?
0
Suppose -67*w = -289816 - 151781. What is the units digit of w?
1
What is the tens digit of ((-17774)/(-8))/((-615)/(-738)*2/20)?
6
Suppose 12*c = 1104 - 144. What is the units digit of (-11 + 12)/(1/c)?
0
Suppose 0 = -106*o - 119*o + 4408875. What is the hundreds digit of o?
5
Let g be 15/(-60) - 26/(-8). Suppose v - 14 = j, 1 + g = -4*v. Let r(x) = -x**3 - 15*x**2 + 5. What is the units digit of r(j)?
5
Suppose -8*k + 20 = -4. Let h be (-3)/(2/k*9/8). What is the units digit of 70 - h - (0 + -2)?
6
Suppose 37688*g + 416376 = 37700*g. What is the thousands digit of g?
4
Let q = 8 + -2. Suppose 2*l + 4 + q = 0. Let u(p) = 3*p**2 - 6*p - 19. What is the units digit of u(l)?
6
Let i = 18741 - 8723. What is the tens digit of i?
1
What is the tens digit of 270/(90/6) + 338?
5
Suppose 9*l = 11*l - 4*n - 218, 0 = -l - 2*n + 121. Suppose 116*m = l*m + 462. What is the tens digit of m?
6
Let f = 26 + -24. Suppose 0 = -f*j + u - 3, 0 = 4*j - j + 3*u - 18. What is the units digit of j/(-4) - (-450)/8?
6
Let b(s) = -2*s**3 - 7*s**2 + s**3 - 3*s - 4*s - 6. Let d be b(-6). What is the units digit of (-6)/(3 + d) + (-115)/(-1)?
3
Let g(o) = -o**2 + 9*o - 12. Let f be g(7). Let w be f - 13/(26/(-140)). Let s = -17 + w. What is the units digit of s?
5
Let j(w) = -68695*w - 127. What is the units digit of j(-1)?
8
Let o(q) = q**2 - q + 1. Let w(t) = t**3 - 2*t**2 + 3*t - 7. Let i(p) = 5*o(p) + w(p). Let v = -2502 + 2506. What is the hundreds digit of i(v)?
1
Suppose 5*s = -2*k + 3381, 12 - 16 = -4*s. Suppose 7*x = 762 + k. What is the units digit of x?
0
Suppose 1826523 + 489948 = 51*n. What is the units digit of n?
1
Suppose 17*o = 23*o + 6. What is the tens digit of ((-6)/15)/(o/655)?
6
Let f(p) = -2*p**3 - 11*p**2 + 39*p + 104. What is the ten thousands digit of f(-20)?
1
Let x = -251 - -61. Let y = x - -479. What is the units digit of y?
9
Let l = 207 + -205. Let q(w) = 5*w**2 + w + 6. Let b be q(5). Suppose -4*c - b = -l*v, -v = v - 5*c - 136. What is the tens digit of v?
6
Let z be (-1 - 0)*-1 - -2. Suppose i + 5 = -2*h, 4*i - z*h - 2 - 33 = 0. Suppose -3*j - 4*d - 29 + 108 = 0, 5*d = -i*j + 140. What is the units digit of j?
3
Let w be 2/(-5) - ((-66)/15 - 0). Suppose -w*y + 1647 = -y. What is the tens digit of y?
4
Let x(w) = 670*w - 116. Let o be x(6). Let i = -2185 + o. What is the thousands digit of i?
1
Let m be (-31)/(-1) + 2 + 0. Suppose m - 30 = f. Suppose -2*i = 4*b - 12, 16 = 5*i - f*b - 66. What is the tens digit of i?
1
Let t = 3 - 0. Suppose -3*m = t*m. Suppose 2*f + 5*v - 65 = m, 4*f = f - v + 130. What is the tens digit of f?
4
Suppose -z = 56 - 62. Let m(a) = -a**3 + 10*a**2 + 4*a - 16. What is the tens digit of m(z)?
5
Let f = 1450 - -473. Suppose a + 338 = g - 621, 2*g + 3*a = f. What is the hundreds digit of g?
9
Let h(c) = 4*c + 75. Let g be h(-18). Suppose -4*t - 4*y + 44 = 0, t + y + 22 = g*t. Suppose t*z = 13*z - 124. What is the units digit of z?
2
Let s(r) = 9*r**2 + 29*r - 161. What is the thousands digit of s(22)?
4
Let k(y) = 2*y**2 - 8*y. Let f be k(7). Let s = -37 + f. Suppose 9*j - s*j = 128. What is the tens digit of j?
3
Suppose 2*j + 2*v - 52334 = 0, 23*v = -2*j + 19*v + 52326. What is the units digit of j?
1
Suppose -18*q + 7*q + 24057 = 0. What is the units digit of q?
7
Let n be 7/(56/(-20))*6/(-5). Suppose -n - 105 = -h. Suppose -4*b = -5*b + h. What is the units digit of b?
8
Suppose 32*s - 1663683 + 551939 = 0. What is the ten thousands digit of s?
3
Let h = 71 - 35. Let r(n) = -14 - 13 - 7 + n + h. What is the tens digit of r(23)?
2
Suppose 22 + 11 = 11*l. Suppose 1080 = 5*n - l*n. What is the hundreds digit of n?
5
Let w = -313 + 675. Suppose -3*t = -4*t + w. Suppose z = 3*a - 187, -32 = 5*a + 2*z - t. What is the tens digit of a?
6
Let z(n) = -137*n**3 - 61*n**2 - 436*n - 9. What is the ten thousands digit of z(-7)?
4
Suppose 0 = 51*x - 145313 - 13297. What is the tens digit of x?
1
Let j(m) = -128*m**2 - 591*m - 1. Let o be j(-4). Let f = 31 + -160. Let t = o + f. What is the hundreds digit of t?
1
Suppose -39*f + 48*f = 1053. Suppose f = 2*q - g - 22, -346 = -5*q + 2*g. What is the tens digit of q?
6
Let s(g) = -3538*g + 751. What is the thousands digit of s(-2)?
7
Let f(t) be the first derivative of -31*t**2 + 5*t + 16. Let g = 6 + -9. What is the units digit of f(g)?
1
Let v(r) be the second derivative of -r**5/20 - r**4/2 - r**3/3 - 9*r**2 + 7*r. What is the hundreds digit of v(-10)?
4
Let k = -212 - -43. Let r(t) = 96*t**2 + 11*t + 7. Let d be r(-2). Let p = k + d. What is the units digit of p?
0
Let i be 4*1 + 11 + -63. Let b = 48 + i. Suppose -43 = -m - b. What is the units digit of m?
3
Suppose 0 = 26*c - 14524 - 3546. What is the units digit of c?
5
Let c = -6942 + 9774. Suppose -q - 2823 = -5*x, -14*x = -9*x - 4*q - c. Suppose d + 11*d = x. What is the units digit of d?
7
Let a = -808 - -1184. Suppose 4*x - a = 80. What is the hundreds digit of x?
1
Let a = 195921 - 134514. What is the thousands digit of a?
1
Let g(z) = z**3 + 25*z**2 - 19*z - 30. Let f be g(-25). Suppose -w + f = -198. What is the hundreds digit of w?
6
Let g = -7097 - -11843. What is the hundreds digit of g?
7
Suppose -39*g = -40*g + 3. Suppose 2*h - 5*b - 6 = 0, 2*h - g*b = -0*h + 6. What is the units digit of (-1052)/(-12) + (-2)/h?
7
Let k = -2811 - -16143. Suppose -3*v - 19*v = -k. What is the hundreds digit of v?
6
Let v(s) = -1234*s - 131. What is the thousands digit of v(-23)?
8
Suppose -69*j + 33814 = -296282. What is the hundreds digit of j?
7
Let l be (-45)/3*(-10)/(-15). Let p = l + 12. Suppose 3*q - 95 = -p*c, c - q - q = 44. What is the tens digit of c?
4
Suppose -5*z + 2*v = -19, 0 = 5*v - 4*v + 2. Suppose 7*a = 4*a + h + 4730, -3*a + 4710 = z*h. What is the tens digit of a?
7
Let f = -135 + -108. Let c = f + 422. What is the tens digit of c?
7
Let i(a) = -a**3 + 12*a**2 + 5*a - 24. Suppose -68 = -9*m + 31. Let l be i(m). What is the units digit of 3/2*l/12?
9
Suppose 9*a = 74587 + 52700. What is the tens digit of a?
4
What is the units digit of ((0/1)/((-36)/18) + -1)*-16619?
9
Suppose 4*c - 5*d - 932 = 0, -4*d + 195 - 1123 = -4*c. Let f = c - 152. Suppose -5*h + 4*w + 124 = 0, -3*h - 2*w + f = -4*w. What is the units digit of h?
8
Suppose n + 13*z = 11*z + 1170, 3*z - 1167 = -n. What is the tens digit of n?
7
Suppose 5557 = 36*f - 2006 - 2877. What is the tens digit of f?
9
Let u(k) = 878*k - 2237. What is the units digit of u(6)?
1
Suppose -192 = -12*r - 4*r. Suppose -4*l = -m + 286, 1108 = -r*m + 16*m + 2*l. What is the hundreds digit of m?
2
Suppose 10 - 5 = -5*k. Let m(r) = -130*r + 15. What is the tens digit of m(k)?
4
Let r(x) = -2*x**2 - 17*x + 34. Let p be r(-10). Suppose w = 2*h - 0*w - 525, p*h = -5*w + 1085. What is the tens digit of h?
6
Let q(c) = -c - 40. Let v be q(0). Let f = -39 - v. Let x = f - -24. What is the tens digit of x?
2
Suppose 1339640 = -17*t + 124*t. What is the units digit of t?
0
Suppose 11*f - 13*f = -10376. What is the tens digit of -4*f/(-88) - 2/(-11)?
3
Suppose 18 = 7*y + 4.